. Let l = q + 7. Determine s(l).
-8
Suppose -2*z - 3*z - 25 = 0. Let m(y) be the second derivative of -y**4/12 - 5*y**3/6 + 2*y**2 - 6*y. Determine m(z).
4
Let w(z) = 6*z + 1. Let r(o) = o - 4. Let u be 23/6 - (-3)/18. Let h be r(u). Suppose -2*s - 3*g + 1 + 7 = h, 2*s = g. Give w(s).
7
Let b(o) = 8*o**3 - 2*o**2 - o. Suppose 5*f + 1 + 4 = 0. What is b(f)?
-9
Let t(y) = y**2 - 8*y + 9. Let b be t(7). Suppose h = 3*h - b. Let v(a) = -a**2 + 0*a + 2*a - a + 4*a**3. Calculate v(h).
4
Suppose -36 = -4*c - 4*h, -c = -4*h - 8 - 1. Let n = c - 15. Let k(r) = r**2 + 5*r - 3. Let a be k(n). Let j(y) = -y**3 + 3*y**2 - 2*y + 3. Give j(a).
-3
Suppose -3*v = -v - 4. Let f(l) be the first derivative of -l**4/4 + 2*l**3/3 + l**2/2 - 2*l - 1. What is f(v)?
0
Let m(i) be the second derivative of i**3/2 + i**2/2 - 48*i. What is m(-4)?
-11
Let o(b) be the first derivative of -b**4/4 - 7*b**3/3 - 3*b**2/2 - 2*b - 36. What is o(-6)?
-20
Let d = 7 + -5. Let k(h) = 0*h + 0*h + d*h. Let i(b) = b + 6. Let y be i(-4). Give k(y).
4
Let w(t) be the second derivative of -t**4/12 + t**3/6 + t**2 - t. Let j = 4 - 1. Let g(p) = 2*p**2 - 2*p - 3. Let c(b) = j*g(b) + 4*w(b). Determine c(2).
3
Suppose -3*a - 9 = -0*a, 0 = h + 3*a + 9. Let o(s) = s**3 + s + 1. Calculate o(h).
1
Let h be ((1 + -3)/4)/(4/8). Let n(i) = 18*i - 1. Give n(h).
-19
Let a(u) be the first derivative of 7*u**2 + u + 13. What is a(-1)?
-13
Suppose -c = -2, 2*c = v + v + 6. Let d(g) = 2*g**3 + 2*g**2 + 2*g + 1. Calculate d(v).
-1
Let h(b) = b - 1. Let j(m) = 4*m - 3. Let v be j(2). Suppose -2*i + i = v. Let k = -2 - i. Determine h(k).
2
Let b(t) = -t**3 - 6*t**2 - 7*t - 4. Let o(n) be the first derivative of n**4/4 + 2*n**3 + 3*n**2 + 4*n + 3. Let q(j) = -2*b(j) - 3*o(j). Determine q(-5).
-9
Let m = 319 + -322. Let g(c) be the third derivative of -c**6/120 - c**5/30 + c**4/12 + c**2. What is g(m)?
3
Suppose 0 = 2*q + 10 + 4. Let r(v) be the third derivative of -v**4/24 - 2*v**3/3 - 21*v**2. Calculate r(q).
3
Let a(x) = -x**2 + 2. Suppose u + 3*j + 25 = -u, 3*u = j - 32. Let d = 8 + u. Determine a(d).
-7
Let b(k) = -2*k**2 - 7*k + 3. Let x be ((-6)/(-4))/(1/2). Let o(t) = t**2 + 4*t - 2. Let a(f) = x*b(f) + 5*o(f). Determine a(-3).
-7
Let v be ((-2)/4)/(1/2). Let w(z) = z**2. Let c(t) be the second derivative of t**5/20 + t**3/2 - t. Let f(o) = v*c(o) + 4*w(o). Calculate f(2).
2
Let h(f) = -4*f**3 - 2*f**2 - f. Let y be h(-1). Suppose -t + 0*l + 17 = -4*l, 4*t + y*l = 11. Let m(i) = i**2 - 6*i - 3. What is m(t)?
-8
Let r be 1 + 0 + 2*(-1)/(-2). Let i(w) = 2*w - 3. Let l(u) = -u + 1. Let g(p) = -3*i(p) - 7*l(p). Calculate g(r).
4
Let m(q) = q. Let p(z) = -4*z**2 + 9*z + 1. Let o(g) = 3*g**2 - 8*g. Let u(v) = 3*o(v) + 2*p(v). Let l be u(5). Give m(l).
-3
Let m(h) = 4*h + 1. Let k(d) = d**2 - 4*d - 7. Let j = -9 - -15. Let t be k(j). Suppose -3*n + 4*x - t = 0, -2*n + 6 = 2*n + x. Give m(n).
5
Let y(w) = 7*w**2 - 8*w + 12. Let f(b) = -6*b**2 + 8*b - 11. Let h(r) = -6*f(r) - 5*y(r). Suppose -o + 0*o = -5. Calculate h(o).
-9
Suppose -3*c + 0*c = 0. Let k(x) be the first derivative of 11*x - 1/4*x**4 + 5 - 1/3*x**3 + 1/2*x**2. What is k(c)?
11
Let a = -2 + 5. Let x(y) = -y**3 + y**2 + 1. Let h(q) = q**3 + 3*q - 6. Suppose 0*p - 5*p = -5. Let g(t) = p*h(t) + 2*x(t). What is g(a)?
-4
Let g(f) be the first derivative of f**2 - 2*f + 3. Suppose -7*j = -7 - 21. Determine g(j).
6
Let y = -1 - -4. Let h(v) = -5*v**3 - 2*v + 3*v**3 + 3*v**y + 1 - v**2. Let f be (-2)/(-10) + 66/(-30). What is h(f)?
-7
Let o(h) = -2*h**3. Suppose 0 = 3*x - 2*g - 14, -5*g - 16 = 3*x - x. Suppose -x*p - p = 0. Let r(y) = y**2 + 1. Let b be r(p). What is o(b)?
-2
Let b(i) = -3*i**2 - i + 4*i - 4 - i + i**3. Give b(3).
2
Let q = 2 + 0. Let x(b) = -q - 3*b - 3*b - 4*b - b**2 + 2*b. Let t be x(-7). Let d(p) = p**3 - 4*p**2 - 5*p - 1. What is d(t)?
-1
Let h(v) = -7*v**3 + 2*v**2 + 2*v + 1. Let o(u) = -u - 15. Let a be o(-14). Determine h(a).
8
Let u(b) = -b**3 - b**2 + b + 8. Suppose 0*o = 3*o. Suppose 0*c + 3*c = o. Calculate u(c).
8
Let o(g) = 4*g**2 + 10*g - 10. Let b(y) = 7*y**2 + 20*y - 20. Let k(w) = -3*b(w) + 5*o(w). Let i(l) = -l**2 - 9*l + 9. Let n(x) = -6*i(x) + 5*k(x). Give n(-3).
-7
Let m(u) = -u. Let b be m(-9). Suppose -b = -3*p + 3. Let o(l) = 4*l + 0*l**2 - l**2 + 0*l**2 - 4. Give o(p).
-4
Let i(n) = -n**2 + 4*n + 4. Suppose 3*h + 17 = 4*h. Let s = 1 + 1. Suppose 4*g - 10 = -2*p + 10, -s*p = 3*g - h. Give i(p).
4
Let t(y) = -y + 2. Let h(j) = -j + 6. Let d be h(6). What is t(d)?
2
Let w(z) = 4*z**2 - z. Let g(v) be the third derivative of -v**6/120 + v**5/60 + v**4/12 + v**3/6 - 2*v**2. Let n be g(-1). Give w(n).
3
Suppose -48 = v - 7*v. Let z(w) = 4*w**2 - 2*w**3 - 1 + w**3 - v*w**2 + 0*w**2. Give z(-4).
-1
Suppose 0 = -2*i + 5*k - 13, 0 = -5*i - 3*k - 2*k - 15. Let x(m) = m**3 + 4*m**2 + 5*m + 1. Calculate x(i).
-19
Let r be (1 - -2)/((-15)/(-10)). Let z(u) = -3*u**2 + u**3 + 7 - 1 - 3*u - 7 - r*u**3. What is z(-2)?
1
Let x(y) = y**2 - y + 1. Let f(w) = -9*w**3 - 6*w**2 + 5*w - 4. Let p(o) = f(o) + 5*x(o). Let v = -3 - -4. What is p(v)?
-9
Suppose -9*f = -10 - 44. Let d(w) = 2*w - 7. What is d(f)?
5
Suppose -h = -2 - 1. Let d(g) = -1 - 1 + h*g + 3. Determine d(-1).
-2
Let k(z) = -z**3 - 3*z**2 + 1. Let y be ((-2)/(-4)*6)/(6/(-4)). Calculate k(y).
-3
Let v(t) = -t**3 - 9*t**2 + t + 4. Let g = -30 - -21. Determine v(g).
-5
Suppose 4*x - x - 6 = 0. Suppose y = x + 2. Let k(g) = -g**2 - 4*g - y*g + 6*g - 1. Calculate k(-3).
-4
Let u(t) = -t**3 - 6*t**2 - 4*t + 2. Let x be u(-5). Let j(i) = -2 + i**3 + 0 + i - 1 + 4*i**2. Calculate j(x).
3
Suppose 0 = -4*m + 5 - 1. Let i(q) = -q**2 - 4*q - 3. Let p(s) = s**2 + 3*s + 2. Let j(x) = -5*i(x) - 7*p(x). Determine j(m).
-2
Let o(h) = -4*h**3 - 7*h**2 - h - 5. Let g(p) = 7*p**3 + 13*p**2 + 2*p + 9. Let w(k) = 3*g(k) + 5*o(k). Calculate w(-4).
-2
Suppose 0 = -25*x + 46 + 79. Let u(k) be the second derivative of -k**4/12 + 2*k**3/3 + 7*k**2/2 - k. What is u(x)?
2
Let x(j) = -2*j + 5. Let k(p) = -8*p + 10. Let l(q) = 23*q - 29. Let f(v) = -17*k(v) - 6*l(v). Let w(r) = 5*f(r) - 4*x(r). What is w(2)?
-4
Let y(z) = 3*z**2 + 2*z - 2. Suppose 3 = 4*a - 5. What is y(a)?
14
Suppose 0 = -3*c + 5*h - 26, -23 = 4*c + 3*h + 2*h. Let f(q) = 5*q + 10. Let t(z) = z + 3. Let w(r) = -f(r) + 4*t(r). Determine w(c).
9
Let o(g) be the first derivative of -g**2/2 - 10*g - 21. Calculate o(-6).
-4
Let x(w) = 6*w - w**2 + 5*w - 3 - 10*w. Determine x(0).
-3
Let b(u) be the second derivative of -u**4/24 - u**3/6 - 2*u**2 + u. Let d(i) be the first derivative of b(i). Give d(-1).
0
Let v(r) = -r - 7*r**2 + 0*r - 2*r**2. Let w(j) = -2*j + 2. Let o(q) = -1. Let y(g) = o(g) + w(g). Let p be y(1). Determine v(p).
-8
Let m(q) = -2*q**2 - q + 2. Let n be m(-2). Let h be (-15)/(-5) + n/(-2). Suppose 0 = -h*d - 2*a, 2*d - 5*d - 4 = 2*a. Let c(j) = 2*j**2 - 3*j + 3. Give c(d).
5
Let l(q) = q**3 + 8*q**2 - 8*q + 4. Suppose -12*i - 115 + 7 = 0. Calculate l(i).
-5
Let j(g) be the second derivative of g**5/60 - g**3/6 - g**2/2 + 2*g. Let i(v) be the first derivative of j(v). Calculate i(3).
8
Let k be 0*(0 + (-1)/(-1)). Suppose k = -5*i + 13 - 43. Let t(q) = -q**2 - 6*q + 1. Determine t(i).
1
Let v(m) = -m**3 + 4*m**2 + 5. Let c(x) = x**3 + 5*x**2 + 3*x - 4. Let k be c(-4). Let g = k - -4. What is v(g)?
5
Let y(g) be the first derivative of g**2/2 + g - 2. Suppose 0 = -3*q + 2*q - 3*s + 12, 2*s = -3*q + 8. Suppose 2*w + 2*w + 20 = q. Determine y(w).
-4
Let m(g) = 8*g + 0 - 1 - 9*g. Let t(q) = -4*q - 7. Let j(i) = -6*m(i) + 2*t(i). Give j(-6).
4
Let p(k) = -k**3 - k**2. Let f be p(1). Let d(r) = -2*r**2 + 2*r + 3. Calculate d(f).
-9
Let w(h) be the first derivative of -h**3/3 + 3*h**2/2 + 2*h - 27. Determine w(3).
2
Let m(p) = p**2 - 3*p. Let z = 5 + -6. Let n(i) = 3*i**2 + i + 1. Let c be n(z). Give m(c).
0
Let k = 5 + -1. Let b be 40/25 + k/10. Let h(i) = -3 - 3*i - i - 4 - i**2 + b. What is h(-5)?
-10
Let q(t) = t**2 - 14*t - 2. Let x be q(14). Let c be (2/(x/2))/(-1). Let v(d) = 3 - d - d - 5. What is v(c)?
-6
Let z(j) be the third derivative of -j**4/12 + 9*j**2. Determine z(6).
-12
Suppose l + 2*x = 9, -2*l + 5 - 12 = -x. Let m(i) be the third derivative of i**6/120 + i**5/30 + i**4/12 + i**3/6 - 3*i**2. Calculate m(l).
0
